tor of 2704962 and 312?
78
Calculate the highest common divisor of 169821022 and 56.
14
Calculate the greatest common divisor of 123487 and 153608.
91
Calculate the highest common factor of 28002 and 726.
6
What is the highest common divisor of 421187152 and 1162?
166
What is the greatest common divisor of 363 and 367561?
1
What is the highest common divisor of 507 and 409627101?
507
Calculate the highest common factor of 12262887 and 14352.
897
Calculate the highest common factor of 7480045 and 445.
5
Calculate the highest common factor of 3795754 and 1166.
106
What is the greatest common divisor of 4009306 and 546770?
1022
Calculate the highest common factor of 464466 and 11343.
597
What is the highest common divisor of 1288 and 17959136?
184
What is the highest common divisor of 2349 and 115425?
81
What is the highest common divisor of 1553364 and 60192?
684
What is the highest common factor of 1240 and 11887640?
40
What is the highest common divisor of 31603 and 128900018?
2873
Calculate the highest common divisor of 1221194 and 1183.
169
Calculate the greatest common factor of 3366454 and 698.
698
What is the highest common divisor of 26418 and 1850?
74
What is the greatest common factor of 6741731 and 6349?
907
Calculate the greatest common divisor of 148 and 18294058.
74
Calculate the highest common divisor of 3108 and 789334098.
1554
Calculate the highest common factor of 11487066 and 18.
6
Calculate the greatest common divisor of 52150322 and 14.
14
What is the greatest common divisor of 5473909 and 924?
7
Calculate the highest common divisor of 1526916 and 2753372.
724
Calculate the greatest common factor of 9559 and 10428385.
121
What is the greatest common divisor of 230 and 1021?
1
What is the highest common divisor of 19875 and 388225?
1325
Calculate the highest common divisor of 870 and 14000214.
174
What is the greatest common factor of 33048 and 6169266?
306
Calculate the greatest common divisor of 89248163 and 93.
31
What is the greatest common divisor of 512407 and 9017?
71
Calculate the highest common factor of 118146 and 1498.
14
What is the greatest common factor of 27216 and 168804?
324
Calculate the highest common divisor of 813031 and 166007.
109
Calculate the greatest common factor of 221 and 89731559.
17
Calculate the greatest common divisor of 5248 and 811568.
16
Calculate the greatest common factor of 32586345 and 495.
495
What is the highest common factor of 3514 and 61162927?
1757
What is the greatest common divisor of 352 and 30812?
4
What is the highest common factor of 1636 and 281732?
4
Calculate the greatest common divisor of 10952020 and 410.
10
Calculate the highest common divisor of 49594 and 690480.
274
What is the greatest common factor of 1596 and 2658516?
84
Calculate the highest common factor of 23144112 and 432.
144
Calculate the greatest common factor of 1239 and 284793.
177
Calculate the highest common divisor of 140830 and 40.
10
What is the highest common divisor of 185 and 55372831?
37
Calculate the greatest common divisor of 2058 and 28655823.
21
What is the highest common factor of 30882925 and 230835?
6995
Calculate the greatest common divisor of 8750 and 367262.
14
What is the highest common factor of 1765710 and 12535?
115
What is the highest common divisor of 637 and 546455?
91
What is the greatest common divisor of 678076 and 46116?
1708
What is the highest common divisor of 75 and 10740525?
75
What is the greatest common factor of 1 and 2329370?
1
What is the highest common divisor of 3792 and 824272?
16
What is the highest common factor of 59019 and 23381?
103
Calculate the highest common divisor of 21591313 and 74.
37
Calculate the greatest common factor of 16409 and 90707.
61
What is the greatest common factor of 1404946525 and 129?
43
Calculate the highest common factor of 250 and 65676250.
250
What is the greatest common divisor of 165 and 195160?
5
Calculate the greatest common divisor of 1251196 and 10.
2
What is the greatest common factor of 1006005 and 20867?
77
Calculate the greatest common factor of 49842585 and 65.
65
Calculate the highest common factor of 96 and 45201088.
32
What is the greatest common factor of 3762 and 127620?
18
What is the highest common divisor of 62 and 23124109?
31
What is the highest common divisor of 1664 and 11792118?
26
Calculate the greatest common divisor of 506 and 1145476222.
506
What is the highest common factor of 342574436 and 1684?
1684
What is the highest common divisor of 1164798 and 437097?
1191
Calculate the greatest common factor of 432 and 10314.
54
Calculate the highest common factor of 4099 and 137857568.
4099
Calculate the greatest common factor of 4482 and 21538998.
1494
What is the highest common factor of 1784046 and 957?
33
Calculate the highest common divisor of 593520 and 11184.
48
What is the greatest common divisor of 74380215 and 455?
455
Calculate the greatest common divisor of 45 and 57680115.
15
Calculate the highest common factor of 42510326 and 118.
118
Calculate the highest common factor of 2762 and 71484703.
1381
Calculate the greatest common divisor of 107877368 and 1376.
344
What is the highest common divisor of 121107925 and 200?
25
What is the highest common factor of 73781789 and 485?
97
What is the greatest common factor of 1880 and 655128?
8
Calculate the highest common factor of 19703503 and 15695.
3139
What is the greatest common divisor of 8107587 and 25077?
1929
Calculate the greatest common factor of 10 and 6850255.
5
What is the greatest common divisor of 11441860 and 30?
10
What is the greatest common factor of 518143416 and 28?
28
Calculate the highest common factor of 2016 and 880576.
32
What is the greatest common factor of 34905 and 10463445?
2685
What is the greatest common divisor of 75469425 and 633?
633
Calculate the greatest common factor of 112026 and 78.
6
Calculate the greatest common divisor of 63241323 and 3843.
183
What is the greatest common divisor of 806 and 42237624?
806
Calculate the greatest common factor of 3548 and 4746337.
887
Calculate the highest common divisor of 490080 and 882000.
240
Calculate the greatest common factor of 483567670 and 152.
38
What is the highest common factor of 5876728 and 46904?
1144
Calculate the highest common divisor of 1359127 and 8547.
77
Calculate the highest common divisor of 7618825 and 7175.
1025
Calculate the highest common factor of 36421 and 311836.
301
Calculate the highest common divisor of 72 and 10141392.
24
What is the highest common factor of 722860 and 2914?
94
Calculate the greatest common factor of 315611 and 43245.
31
What is the highest common divisor of 111680 and 76160?
320
Calculate the greatest common factor of 46893 and 4301.
11
What is the highest common divisor of 13085164 and 15856?
3964
What is the greatest common divisor of 3109554 and 34017?
2001
What is the greatest common factor of 8 and 26142024?
8
Calculate the greatest common factor of 352218 and 38.
2
What is the highest common divisor of 2693269 and 35037?
229
Calculate the highest common factor of 2236836 and 930.
186
What is the greatest common divisor of 9087864 and 72?
24
What is the highest common factor of 5638745 and 155?
155
What is the greatest common divisor of 7354522 and 17371?
599
What is the greatest common divisor of 155224 and 180?
4
What is the highest common divisor of 285 and 1992435?
285
What is the greatest common factor of 264 and 62847741?
33
Calculate the greatest common divisor of 3697552 and 131936.
304
What is the greatest common divisor of 636 and 59125740?
636
Calculate the greatest common divisor of 561 and 6158592.
33
Calculate the highest common divisor of 80647931 and 2002.
91
What is the greatest common factor of 269616 and 41?
41
Calculate the greatest common factor of 244368 and 720.
144
Calculate the greatest common divisor of 54032276 and 76.
76
What is the highest common factor of 75112 and 38540?
164
Calculate the highest common divisor of 24750370 and 430.
430
Calculate the highest common factor of 1946977272 and 2148.
2148
Calculate the greatest common divisor of 1326201533 and 1277.
1277
What is the greatest common factor of 280 and 33522328?
56
What is the greatest common divisor of 535 and 59006755?
535
Calculat